{"id":99,"date":"2026-03-30T12:38:20","date_gmt":"2026-03-30T12:38:20","guid":{"rendered":"http:\/\/olliver.be\/?page_id=99"},"modified":"2026-04-12T15:39:29","modified_gmt":"2026-04-12T15:39:29","slug":"conditions-generales-dutilisation-du-site","status":"publish","type":"page","link":"http:\/\/olliver.be\/index.php\/conditions-generales-dutilisation-du-site\/","title":{"rendered":"Conditions g\u00e9n\u00e9rales d\u2019utilisation du site"},"content":{"rendered":"\t\t<div data-elementor-type=\"wp-page\" data-elementor-id=\"99\" class=\"elementor elementor-99\">\n\t\t\t\t<div class=\"elementor-element elementor-element-d02f1e3 e-flex e-con-boxed e-con e-parent\" data-id=\"d02f1e3\" data-element_type=\"container\" data-e-type=\"container\">\n\t\t\t\t\t<div class=\"e-con-inner\">\n\t\t\t\t<div class=\"elementor-element elementor-element-0782dda elementor-widget elementor-widget-text-editor\" data-id=\"0782dda\" data-element_type=\"widget\" data-e-type=\"widget\" data-widget_type=\"text-editor.default\">\n\t\t\t\t\t\t\t\t\t<p><strong>CONDITIONS GENERALES D&#8217;UTILISATION DU SITE<\/strong><\/p><p><strong>Acceptation des conditions g\u00e9n\u00e9rales<\/strong><\/p>\n<p>Ce site est un site d&#8217;information qui s&#8217;adresse aussi bien aux clients de notre agence, qu&#8217;aux non clients, d\u00e9nomm\u00e9s ci-apr\u00e8s \u00ab internautes \u00bb. Ce site est soumis \u00e0 la loi belge. L&#8217;internaute reconna\u00eet avoir pris connaissance de la pr\u00e9sente charte et s&#8217;engage \u00e0 la respecter.<\/p>\n<p>Il est rappel\u00e9 que le secret des correspondances n&#8217;est pas garanti sur le r\u00e9seau Internet et qu&#8217;il appartient \u00e0 chaque internaute de prendre toutes les mesures appropri\u00e9es de fa\u00e7on \u00e0 prot\u00e9ger ses propres donn\u00e9es et\/ou logiciels.<\/p>\n<p><strong>Traitement de la demande et\/ou des informations<\/strong><\/p>\n<p>Nous nous r\u00e9servons le droit de subordonner le traitement des informations, de le suspendre ou de le refuser dans les cas suivants :<\/p>\n<p>Informations incompl\u00e8tes ou incorrectes ;<\/p>\n<p>Communication de donn\u00e9es manifestement erron\u00e9es, voire fantaisistes ;<\/p>\n<p>La liste reprise ci-dessus n\u2019a pas de caract\u00e8re exhaustif.<\/p>\n<p><strong>Services<\/strong><\/p>\n<p>Le service et biens propos\u00e9s sur le site sont d\u00e9crits de bonne foi, le plus pr\u00e9cis\u00e9ment et fid\u00e8lement possible.<\/p>\n<p>Les images pr\u00e9sent\u00e9es sur le site n\u2019ont aucune valeur contractuelle.<\/p>\n<p><strong>Disponibilit\u00e9<\/strong><\/p>\n<p>En tout \u00e9tat de cause, nous ne pourrons \u00eatre tenus responsables des dommages r\u00e9sultant de l\u2019indisponibilit\u00e9 du service correspondant aux sollicitations de l\u2019utilisateur.<\/p>\n<p><strong>Disclaimer \u2013 limitation de responsabilit\u00e9<\/strong><\/p>\n<p>Notre agence ne saurait \u00eatre tenue pour responsable de l&#8217;inex\u00e9cution du contrat qui pourrait suivre en cas d\u2019inexactitude des informations communiqu\u00e9es ou de force majeure\u2026<\/p>\n<p><strong>Propri\u00e9t\u00e9 intellectuelle<\/strong><\/p>\n<p>Les informations figurant sur le site sont r\u00e9serv\u00e9es \u00e0 un usage exclusivement personnel et ne peuvent \u00eatre en tout ou partie ni reproduites, ni communiqu\u00e9es. L\u2019ensemble des donn\u00e9es (textes, sons ou images) figurant sur les pages de ce site sont la propri\u00e9t\u00e9 exclusive de notre agence ou de ses partenaires. Toute reproduction, repr\u00e9sentation ou diffusion, \u00e0 des fins autres que personnelles, en tout ou partie du contenu de ce site sur quelque support ou par tout proc\u00e9d\u00e9 que ce soit est interdite. Le non-respect de cette interdiction constitue une contrefa\u00e7on susceptible d&#8217;engager la responsabilit\u00e9 civile et p\u00e9nale du contrefacteur.<\/p><p><br><\/p>\t\t\t\t\t\t\t\t<\/div>\n\t\t\t\t\t<\/div>\n\t\t\t\t<\/div>\n\t\t\t\t<\/div>\n\t\t","protected":false},"excerpt":{"rendered":"<p>CONDITIONS GENERALES D&#8217;UTILISATION DU SITE Acceptation des conditions g\u00e9n\u00e9rales Ce site est un site d&#8217;information qui s&#8217;adresse aussi bien aux clients de notre agence, qu&#8217;aux non clients, d\u00e9nomm\u00e9s ci-apr\u00e8s \u00ab internautes \u00bb. Ce site est soumis \u00e0 la loi belge. L&#8217;internaute reconna\u00eet avoir pris connaissance de la pr\u00e9sente charte et s&#8217;engage \u00e0 la respecter. Il [&hellip;]<\/p>\n","protected":false},"author":1,"featured_media":0,"parent":0,"menu_order":0,"comment_status":"closed","ping_status":"closed","template":"elementor_canvas","meta":{"_monsterinsights_skip_tracking":false,"_monsterinsights_sitenote_active":false,"_monsterinsights_sitenote_note":"","_monsterinsights_sitenote_category":0,"footnotes":""},"class_list":["post-99","page","type-page","status-publish","hentry"],"aioseo_notices":[],"_links":{"self":[{"href":"http:\/\/olliver.be\/index.php\/wp-json\/wp\/v2\/pages\/99","targetHints":{"allow":["GET"]}}],"collection":[{"href":"http:\/\/olliver.be\/index.php\/wp-json\/wp\/v2\/pages"}],"about":[{"href":"http:\/\/olliver.be\/index.php\/wp-json\/wp\/v2\/types\/page"}],"author":[{"embeddable":true,"href":"http:\/\/olliver.be\/index.php\/wp-json\/wp\/v2\/users\/1"}],"replies":[{"embeddable":true,"href":"http:\/\/olliver.be\/index.php\/wp-json\/wp\/v2\/comments?post=99"}],"version-history":[{"count":10,"href":"http:\/\/olliver.be\/index.php\/wp-json\/wp\/v2\/pages\/99\/revisions"}],"predecessor-version":[{"id":17546,"href":"http:\/\/olliver.be\/index.php\/wp-json\/wp\/v2\/pages\/99\/revisions\/17546"}],"wp:attachment":[{"href":"http:\/\/olliver.be\/index.php\/wp-json\/wp\/v2\/media?parent=99"}],"curies":[{"name":"wp","href":"https:\/\/api.w.org\/{rel}","templated":true}]}}