{"id":88,"date":"2026-03-30T12:31:04","date_gmt":"2026-03-30T12:31:04","guid":{"rendered":"http:\/\/olliver.be\/?page_id=88"},"modified":"2026-04-12T15:40:07","modified_gmt":"2026-04-12T15:40:07","slug":"charte-de-protection-de-la-vie-privee","status":"publish","type":"page","link":"http:\/\/olliver.be\/index.php\/charte-de-protection-de-la-vie-privee\/","title":{"rendered":"Charte de protection de la vie privee"},"content":{"rendered":"\t\t<div data-elementor-type=\"wp-page\" data-elementor-id=\"88\" class=\"elementor elementor-88\">\n\t\t\t\t<div class=\"elementor-element elementor-element-2ee14db e-flex e-con-boxed e-con e-parent\" data-id=\"2ee14db\" data-element_type=\"container\" data-e-type=\"container\">\n\t\t\t\t\t<div class=\"e-con-inner\">\n\t\t\t\t<div class=\"elementor-element elementor-element-e87ddd2 elementor-widget elementor-widget-text-editor\" data-id=\"e87ddd2\" data-element_type=\"widget\" data-e-type=\"widget\" data-widget_type=\"text-editor.default\">\n\t\t\t\t\t\t\t\t\t<p><span style=\"font-family: var( --e-global-typography-text-font-family ), Sans-serif; text-align: var(--text-align); font-size: 1rem;\"><b>CHARTE DE PROTECTION DE LA VIE PRIVEE<\/b><\/span><\/p><p><span style=\"font-family: var( --e-global-typography-text-font-family ), Sans-serif; text-align: var(--text-align); font-size: 1rem;\">Cette rubrique d\u00e9crit la politique de notre agence lorsqu&#8217;elle traite des donn\u00e9es \u00e0 caract\u00e8re personnel. Cette politique s&#8217;applique aussi bien aux traitements de donn\u00e9es informatis\u00e9s que manuels.<\/span><\/p>\n<p><strong>Traitement des donn\u00e9es \u00e0 caract\u00e8re personnel des visiteurs et des utilisateurs<\/strong><\/p>\n<p>OGE srl, repr\u00e9sent\u00e9e par Olivier Gerbehaye, si\u00e8ge social&nbsp;: Avenue&nbsp; Louise 390 \u00e0 1050 Bruxelles, BE081.509.635.<\/p>\n<p>Les donn\u00e9es \u00e0 caract\u00e8re personnel que l&#8217;utilisateur communique lors d\u2019une demande via notre site sont trait\u00e9es par notre agence en vue de pouvoir r\u00e9pondre \u00e0 l&#8217;utilisateur.<\/p>\n<p>Les donn\u00e9es \u00e0 caract\u00e8re personnel ne sont transmises qu&#8217;au personnel charg\u00e9 de traiter les demandes. Ces donn\u00e9es peuvent \u00eatre communiqu\u00e9es \u00e0 des personnes ext\u00e9rieures \u00e0 notre agence lorsque cela s&#8217;av\u00e8re n\u00e9cessaire pour le traitement de la demande de l&#8217;utilisateur.<\/p>\n<p>Si l&#8217;utilisateur refuse de communiquer certaines donn\u00e9es indispensables, il se peut que notre agence ne soit pas en mesure de traiter la demande.<\/p>\n<p>En ayant accept\u00e9 les pr\u00e9sentes conditions, nous vous adresserons la liste des annonces correspondant aux crit\u00e8res que vous recherchez, vous b\u00e9n\u00e9ficieriez \u00e9galement des services gratuits d\u2019informations concernant nos actions ponctuelles et les services de notre agence. Ces informations peuvent \u00eatre personnalis\u00e9es.<\/p>\n<p>Aucune donn\u00e9e n\u2019est collect\u00e9e automatiquement par le site en lui-m\u00eame. Les seules donn\u00e9es que nous traitons sont celles que vous nous communiquez volontairement.&nbsp; Les autres informations \u00e9ventuellement collect\u00e9es automatiquement ne le sont que par des outils statistiques comme par exemple Google Analytics et ne concernent que votre adresse TCP\/IP, la marque et la derni\u00e8re version de votre navigateur, les pages web consult\u00e9es mais restent compl\u00e8tement anonymes.<\/p>\n<p>Nous pouvons enregistrer via cookie un code d&#8217;acc\u00e8s et un mot de passe. D\u2019autres informations comme vos crit\u00e8res de recherche ou la langue choisie pour visiter le site peuvent \u00e9galement appara\u00eetre dans le cookie. (Un cookie est un petit fichier envoy\u00e9 par notre serveur qui s&#8217;enregistre sur le disque dur de votre ordinateur. Il garde la trace du site visit\u00e9 et contient un certain nombre d&#8217;informations relatives \u00e0 cette visite. Nos cookies servent avant tout \u00e0 faire fonctionner le site &#8211; cookies techniques de sessions).<\/p>\n<p>Nous pourrions aussi \u00eatre amen\u00e9s \u00e0 traiter des donn\u00e9es vous concernant provenant de tiers comme les m\u00e9dias (immoweb, vlan, logicimmo, &#8230;). Celles-ci nous sont uniquement communiqu\u00e9es suite \u00e0 une demande via les formulaires mis \u00e0 disposition sur leur site respectif.&nbsp; Pour autant que vous ayez marqu\u00e9 votre accord, votre adresse email pourra \u00eatre utilis\u00e9e par l\u2019agence aux fins pr\u00e9cis\u00e9es ci-dessus.<\/p>\n<p>Les informations ne servent qu\u2019\u00e0 un usage interne et ne seront en cons\u00e9quence jamais vendues \u00e0 d&#8217;autres personnes physiques ou morales li\u00e9es ou pas \u00e0 notre soci\u00e9t\u00e9. Mais ces donn\u00e9es seront communiqu\u00e9es, \u00e0 la demande des autorit\u00e9s judiciaires ou des services de police, sans l&#8217;autorisation pr\u00e9alable de leur titulaire.<\/p>\n<p>Nous avons mis en place des mesures de s\u00e9curit\u00e9 appropri\u00e9es pour prot\u00e9ger la perte, l&#8217;usage abusif ou l&#8217;alt\u00e9ration des informations re\u00e7ues sur notre site.<\/p>\n<p>Vous disposez \u00e0 tout moment du droit d&#8217;acc\u00e8s et de rectification \u00e0 ces donn\u00e9es ainsi que du droit d&#8217;opposition, afin de v\u00e9rifier leur exactitude et de faire corriger les \u00e9ventuelles erreurs les concernant.<\/p>\n<p>Pour pouvoir exercer ce droit, il vous suffit de nous contacter :<\/p>\n<p>Par courrier \u00e0 l&#8217;adresse OGE SRL, Avenue Louise 390 bte 17 \u00e0 1050 Bruxelles<\/p>\n<p>Vous pouvez aussi nous contacter par email : olivier@olliver.be<\/p>\n<p>Ou encore nous t\u00e9l\u00e9phoner au +32 475 375 053<\/p>\n<p>Nous ne sommes pas responsables de la politique de respect de la vie priv\u00e9e des sites Internet qui sont reli\u00e9s au n\u00f4tre par un hyperlien.<\/p>\n<p>Si vous estimez que notre site ne respecte pas la pr\u00e9sente charte, vous pouvez contacter notre agence par email ou par courrier \u00e0 l&#8217;adresse mentionn\u00e9e sur le site.<\/p>\n<p>Le titulaire des donn\u00e9es personnelles reconna\u00eet avoir \u00e9t\u00e9 loyalement et parfaitement inform\u00e9 du traitement desdites donn\u00e9es par l\u2019agence immobili\u00e8re.&nbsp; Outre ce droit \u00e0 l\u2019information, le titulaire dispose des droits suivants&nbsp;:<\/p>\n<p>Droit d\u2019acc\u00e8s&nbsp;\u00e0 ses donn\u00e9es par la personne concern\u00e9e.&nbsp; C\u2019est-\u00e0 dire le droit d\u2019obtenir du responsable de traitement des donn\u00e9es la confirmation que ces derni\u00e8res sont ou ne sont pas trait\u00e9es et l\u2019acc\u00e8s auxdites donn\u00e9es.<\/p>\n<p>Droit de rectification&nbsp;des informations inexactes et que les donn\u00e9es incompl\u00e8tes soient compl\u00e9t\u00e9es<\/p>\n<p>Droit d\u2019obtenir l\u2019effacement&nbsp;de ses donn\u00e9es lorsque ces donn\u00e9es ne sont plus n\u00e9cessaires au regard des finalit\u00e9s pour lesquelles elles ont \u00e9t\u00e9 collect\u00e9es, si la personne retire son consentement (et qu\u2019il n\u2019existe pas d\u2019autre fondement (obligation l\u00e9gale) au traitement), si la personne exerce son droit d\u2019opposition au traitement\u2026<\/p>\n<p>Droit \u00e0 la limitation&nbsp;: lorsque le responsable du traitement n\u2019a plus besoin des donn\u00e9es mais qu\u2019elles sont encore n\u00e9cessaires.&nbsp; Lorsqu\u2019une telle limitation, par principe temporaire, est mise en place, les donn\u00e9es ne peuvent \u00eatre trait\u00e9es, sauf pour leur conservation, qu\u2019avec le consentement de la personne concern\u00e9e ou pour des motifs sp\u00e9cifiques.<\/p>\n<p>Droit \u00e0 la portabilit\u00e9&nbsp;: la personne concern\u00e9e a le droit d\u2019obtenir les donn\u00e9es qu\u2019elle a fournie dans un format structur\u00e9, couramment utilis\u00e9 et lisible par machine, et a le droit de transmettre ces donn\u00e9es \u00e0 un autre responsable de traitement sans que le responsable initial ne puisse y faire obstacle.&nbsp; La personne concern\u00e9e peut demander que ses donn\u00e9es soient transmises directement d\u2019un responsable \u00e0 un autre.<\/p>\n<p>Droit d\u2019opposition&nbsp;: la personne concern\u00e9e dispose d\u2019un droit d\u2019opposition au traitement qui lui permet de demander au responsable de ne plus traiter ses donn\u00e9es et, en tout \u00e9tat de cause, d\u2019un droit d\u2019opposition \u00e0 la prospection.<\/p>\n<p>Toute demande pour l\u2019exercice de ces droits peut \u00eatre adress\u00e9e \u00e0 notre agence via&nbsp;e-mail.<\/p>\n<p>La r\u00e9ponse sera apport\u00e9e, via le m\u00eame canal de communication, dans les meilleurs d\u00e9lais et au plus tard dans le mois \u00e0 compter de la r\u00e9ception de la demande.<\/p>\n<p>Aucun paiement ne sera exig\u00e9 sauf si les demandes sont manifestement infond\u00e9es ou excessives (caract\u00e8re r\u00e9p\u00e9titif).<\/p>\t\t\t\t\t\t\t\t<\/div>\n\t\t\t\t\t<\/div>\n\t\t\t\t<\/div>\n\t\t\t\t<\/div>\n\t\t","protected":false},"excerpt":{"rendered":"<p>CHARTE DE PROTECTION DE LA VIE PRIVEE Cette rubrique d\u00e9crit la politique de notre agence lorsqu&#8217;elle traite des donn\u00e9es \u00e0 caract\u00e8re personnel. Cette politique s&#8217;applique aussi bien aux traitements de donn\u00e9es informatis\u00e9s que manuels. Traitement des donn\u00e9es \u00e0 caract\u00e8re personnel des visiteurs et des utilisateurs OGE srl, repr\u00e9sent\u00e9e par Olivier Gerbehaye, si\u00e8ge social&nbsp;: Avenue&nbsp; Louise [&hellip;]<\/p>\n","protected":false},"author":1,"featured_media":0,"parent":0,"menu_order":0,"comment_status":"closed","ping_status":"closed","template":"elementor_canvas","meta":{"_monsterinsights_skip_tracking":false,"_monsterinsights_sitenote_active":false,"_monsterinsights_sitenote_note":"","_monsterinsights_sitenote_category":0,"footnotes":""},"class_list":["post-88","page","type-page","status-publish","hentry"],"aioseo_notices":[],"_links":{"self":[{"href":"http:\/\/olliver.be\/index.php\/wp-json\/wp\/v2\/pages\/88","targetHints":{"allow":["GET"]}}],"collection":[{"href":"http:\/\/olliver.be\/index.php\/wp-json\/wp\/v2\/pages"}],"about":[{"href":"http:\/\/olliver.be\/index.php\/wp-json\/wp\/v2\/types\/page"}],"author":[{"embeddable":true,"href":"http:\/\/olliver.be\/index.php\/wp-json\/wp\/v2\/users\/1"}],"replies":[{"embeddable":true,"href":"http:\/\/olliver.be\/index.php\/wp-json\/wp\/v2\/comments?post=88"}],"version-history":[{"count":16,"href":"http:\/\/olliver.be\/index.php\/wp-json\/wp\/v2\/pages\/88\/revisions"}],"predecessor-version":[{"id":17549,"href":"http:\/\/olliver.be\/index.php\/wp-json\/wp\/v2\/pages\/88\/revisions\/17549"}],"wp:attachment":[{"href":"http:\/\/olliver.be\/index.php\/wp-json\/wp\/v2\/media?parent=88"}],"curies":[{"name":"wp","href":"https:\/\/api.w.org\/{rel}","templated":true}]}}